{"id":314,"date":"2015-12-08T13:45:41","date_gmt":"2015-12-08T13:45:41","guid":{"rendered":"http:\/\/fr-management.de\/?page_id=314"},"modified":"2019-09-05T18:27:52","modified_gmt":"2019-09-05T18:27:52","slug":"startseite1","status":"publish","type":"page","link":"http:\/\/fr-management.de\/","title":{"rendered":"Home"},"content":{"rendered":"<p style=\"text-align: justify;\">&#8222;Innovation and responsibility in sports&#8220; &#8211; unter diesem Motto startete die Sportagentur FR Management im Januar 2016 mit ihren ersten konkreten Projekten und b\u00fcndelt dabei vor allem Know-how aus den Bereichen Fu\u00dfballtalentf\u00f6rderung, dem Profifu\u00dfball sowie dem Projekt- und Eventmanagement.<\/p>\n<p style=\"text-align: justify;\">Wir beraten Clubs, Unternehmen und Institutionen, die unsere Kompetenz und unser Netzwerk f\u00fcr Projekte und Aktionen rund um den Fu\u00dfball gerne in Anspruch nehmen. Vom sportlichen Firmenevent \u00fcber das Vereinsentwicklungsprogramm bis hin zum ambitionierten Sozialprojekt unterst\u00fctzen wir unsere Kunden bei der Entwicklung neuer Ideen sowie deren Umsetzung.<\/p>\n<p style=\"text-align: justify;\">Mit der SOCCER FAMILY unterst\u00fctzen und organisieren wir au\u00dferdem Fu\u00dfballaktivit\u00e4ten f\u00fcr Kinder und Jugendliche.\u00a0 Die Website der Soccer Family\u00a0 \/ Die Fu\u00dfballfamilie finden Sie <span style=\"text-decoration: underline;\"><span style=\"color: #339966;\"><a style=\"color: #339966; text-decoration: underline;\" href=\"http:\/\/www.soccer-family.de\" target=\"_blank\">hier <\/a><\/span><\/span>.<\/p>\n<p style=\"text-align: justify;\"><a href=\"http:\/\/www.phoenixbad.de\/\"><img loading=\"lazy\" decoding=\"async\" class=\"alignleft wp-image-769\" src=\"http:\/\/fr-management.de\/wp-content\/uploads\/2015\/12\/Logo_Phoenixbad_hell1.jpg\" alt=\"Logo_Phoenixbad_hell\" width=\"367\" height=\"125\" srcset=\"http:\/\/fr-management.de\/wp-content\/uploads\/2015\/12\/Logo_Phoenixbad_hell1.jpg 1136w, http:\/\/fr-management.de\/wp-content\/uploads\/2015\/12\/Logo_Phoenixbad_hell1-300x102.jpg 300w, http:\/\/fr-management.de\/wp-content\/uploads\/2015\/12\/Logo_Phoenixbad_hell1-1024x350.jpg 1024w, http:\/\/fr-management.de\/wp-content\/uploads\/2015\/12\/Logo_Phoenixbad_hell1-1113x380.jpg 1113w\" sizes=\"auto, (max-width: 367px) 100vw, 367px\" \/><\/a><a href=\"http:\/\/www.novareisen.de\/\"><img loading=\"lazy\" decoding=\"async\" class=\"alignleft wp-image-750\" src=\"http:\/\/fr-management.de\/wp-content\/uploads\/2015\/12\/nova_reisen.jpg\" alt=\"nova_reisen\" width=\"202\" height=\"131\" \/><\/a><\/p>\n<p style=\"text-align: justify;\"><a href=\"http:\/\/www.ots-reifenservice.de\/\"><img loading=\"lazy\" decoding=\"async\" class=\"alignleft wp-image-848 size-full\" src=\"http:\/\/fr-management.de\/wp-content\/uploads\/2015\/12\/OTS-sponsorLogo.png\" alt=\"OTS - sponsorLogo\" width=\"2317\" height=\"681\" srcset=\"http:\/\/fr-management.de\/wp-content\/uploads\/2015\/12\/OTS-sponsorLogo.png 2317w, http:\/\/fr-management.de\/wp-content\/uploads\/2015\/12\/OTS-sponsorLogo-300x88.png 300w, http:\/\/fr-management.de\/wp-content\/uploads\/2015\/12\/OTS-sponsorLogo-1024x301.png 1024w, http:\/\/fr-management.de\/wp-content\/uploads\/2015\/12\/OTS-sponsorLogo-1180x347.png 1180w\" sizes=\"auto, (max-width: 2317px) 100vw, 2317px\" \/><\/a><\/p>\n<p><a href=\"http:\/\/fr-management.de\/wp-content\/uploads\/2015\/11\/cropped-logoneu.jpg\"><img loading=\"lazy\" decoding=\"async\" class=\"alignleft wp-image-19\" src=\"http:\/\/fr-management.de\/wp-content\/uploads\/2015\/11\/cropped-logoneu.jpg\" alt=\"cropped-logoneu.jpg\" width=\"612\" height=\"83\" srcset=\"http:\/\/fr-management.de\/wp-content\/uploads\/2015\/11\/cropped-logoneu.jpg 1260w, http:\/\/fr-management.de\/wp-content\/uploads\/2015\/11\/cropped-logoneu-300x41.jpg 300w, http:\/\/fr-management.de\/wp-content\/uploads\/2015\/11\/cropped-logoneu-1024x139.jpg 1024w, http:\/\/fr-management.de\/wp-content\/uploads\/2015\/11\/cropped-logoneu-1180x160.jpg 1180w\" sizes=\"auto, (max-width: 612px) 100vw, 612px\" \/><\/a><\/p>\n","protected":false},"excerpt":{"rendered":"<p>&#8222;Innovation and responsibility in sports&#8220; &#8211; unter diesem Motto startete die Sportagentur FR Management im Januar 2016 mit ihren ersten konkreten Projekten und b\u00fcndelt dabei vor allem Know-how aus den Bereichen Fu\u00dfballtalentf\u00f6rderung, dem Profifu\u00dfball sowie dem Projekt- und Eventmanagement. Wir beraten Clubs, Unternehmen und Institutionen, die unsere Kompetenz und unser Netzwerk f\u00fcr Projekte und Aktionen &hellip; <a href=\"http:\/\/fr-management.de\/\" class=\"more-link\">Weiterlesen <span class=\"screen-reader-text\">Home<\/span><\/a><\/p>\n","protected":false},"author":1,"featured_media":681,"parent":0,"menu_order":0,"comment_status":"closed","ping_status":"closed","template":"","meta":{"footnotes":""},"class_list":["post-314","page","type-page","status-publish","has-post-thumbnail","hentry","with-featured-image"],"_links":{"self":[{"href":"http:\/\/fr-management.de\/index.php?rest_route=\/wp\/v2\/pages\/314","targetHints":{"allow":["GET"]}}],"collection":[{"href":"http:\/\/fr-management.de\/index.php?rest_route=\/wp\/v2\/pages"}],"about":[{"href":"http:\/\/fr-management.de\/index.php?rest_route=\/wp\/v2\/types\/page"}],"author":[{"embeddable":true,"href":"http:\/\/fr-management.de\/index.php?rest_route=\/wp\/v2\/users\/1"}],"replies":[{"embeddable":true,"href":"http:\/\/fr-management.de\/index.php?rest_route=%2Fwp%2Fv2%2Fcomments&post=314"}],"version-history":[{"count":24,"href":"http:\/\/fr-management.de\/index.php?rest_route=\/wp\/v2\/pages\/314\/revisions"}],"predecessor-version":[{"id":883,"href":"http:\/\/fr-management.de\/index.php?rest_route=\/wp\/v2\/pages\/314\/revisions\/883"}],"wp:featuredmedia":[{"embeddable":true,"href":"http:\/\/fr-management.de\/index.php?rest_route=\/wp\/v2\/media\/681"}],"wp:attachment":[{"href":"http:\/\/fr-management.de\/index.php?rest_route=%2Fwp%2Fv2%2Fmedia&parent=314"}],"curies":[{"name":"wp","href":"https:\/\/api.w.org\/{rel}","templated":true}]}}