{"id":38,"date":"2015-11-29T15:41:28","date_gmt":"2015-11-29T15:41:28","guid":{"rendered":"http:\/\/fr-management.de\/?page_id=38"},"modified":"2016-02-02T16:36:34","modified_gmt":"2016-02-02T16:36:34","slug":"projekte","status":"publish","type":"page","link":"http:\/\/fr-management.de\/?page_id=38","title":{"rendered":"Sports Consulting"},"content":{"rendered":"<p style=\"text-align: justify;\">F\u00fcr uns steht der ganzheitliche Ansatz bei der Vereinsentwicklung im Vordergrund. Eine effiziente Beratung mit dem Ziel nachhaltiger Ergebnisse kann den Sport nicht losgel\u00f6st vom Management, bzw. der Organisation sehen und umgekehrt. Wir erstellen Vereinsanalysen und Konzepte f\u00fcr professionelle Fu\u00dfballclubs, Nachwuchsleistungszentren und f\u00fcr unterklassige Amateurvereine. Denn jeder Fu\u00dfballverein hat das Potenzial f\u00fcr Verbesserungen und Optimierung.<\/p>\n<p style=\"text-align: justify;\">Unser Coach-the-coach-Programm richtet sich an Vereine und Trainer. Wir wollen Trainer in ihren Kompetenzen st\u00e4rken und verbessern. Mit unserem direkten, pers\u00f6nlichen und kontinuierlichen Coaching gehen wir neue Wege in der Trainerausbildung.<\/p>\n<p style=\"text-align: justify;\">Haben wir Sie neugierig gemacht? Dann rufen Sie uns einfach an oder kontaktieren Sie uns unter:<\/p>\n<p style=\"text-align: justify;\">Florian Rensch<br \/>\nE-Mail: <a href=\"mailto:info@fr-management.de\" target=\"_blank\">info@fr-management.de<\/a><br \/>\nMobil: 0151 \/ 470 63 584<\/p>\n<p><a href=\"http:\/\/fr-management.de\/wp-content\/uploads\/2015\/11\/cropped-logoneu.jpg\"><img loading=\"lazy\" decoding=\"async\" class=\"alignleft size-full wp-image-19\" src=\"http:\/\/fr-management.de\/wp-content\/uploads\/2015\/11\/cropped-logoneu.jpg\" alt=\"cropped-logoneu.jpg\" width=\"1260\" height=\"171\" srcset=\"http:\/\/fr-management.de\/wp-content\/uploads\/2015\/11\/cropped-logoneu.jpg 1260w, http:\/\/fr-management.de\/wp-content\/uploads\/2015\/11\/cropped-logoneu-300x41.jpg 300w, http:\/\/fr-management.de\/wp-content\/uploads\/2015\/11\/cropped-logoneu-1024x139.jpg 1024w, http:\/\/fr-management.de\/wp-content\/uploads\/2015\/11\/cropped-logoneu-1180x160.jpg 1180w\" sizes=\"auto, (max-width: 1260px) 100vw, 1260px\" \/><\/a><\/p>\n","protected":false},"excerpt":{"rendered":"<p>F\u00fcr uns steht der ganzheitliche Ansatz bei der Vereinsentwicklung im Vordergrund. Eine effiziente Beratung mit dem Ziel nachhaltiger Ergebnisse kann den Sport nicht losgel\u00f6st vom Management, bzw. der Organisation sehen und umgekehrt. Wir erstellen Vereinsanalysen und Konzepte f\u00fcr professionelle Fu\u00dfballclubs, Nachwuchsleistungszentren und f\u00fcr unterklassige Amateurvereine. Denn jeder Fu\u00dfballverein hat das Potenzial f\u00fcr Verbesserungen und Optimierung. &hellip; <a href=\"http:\/\/fr-management.de\/?page_id=38\" class=\"more-link\">Weiterlesen <span class=\"screen-reader-text\">Sports Consulting<\/span><\/a><\/p>\n","protected":false},"author":1,"featured_media":216,"parent":0,"menu_order":0,"comment_status":"closed","ping_status":"closed","template":"","meta":{"footnotes":""},"class_list":["post-38","page","type-page","status-publish","has-post-thumbnail","hentry","with-featured-image"],"_links":{"self":[{"href":"http:\/\/fr-management.de\/index.php?rest_route=\/wp\/v2\/pages\/38","targetHints":{"allow":["GET"]}}],"collection":[{"href":"http:\/\/fr-management.de\/index.php?rest_route=\/wp\/v2\/pages"}],"about":[{"href":"http:\/\/fr-management.de\/index.php?rest_route=\/wp\/v2\/types\/page"}],"author":[{"embeddable":true,"href":"http:\/\/fr-management.de\/index.php?rest_route=\/wp\/v2\/users\/1"}],"replies":[{"embeddable":true,"href":"http:\/\/fr-management.de\/index.php?rest_route=%2Fwp%2Fv2%2Fcomments&post=38"}],"version-history":[{"count":19,"href":"http:\/\/fr-management.de\/index.php?rest_route=\/wp\/v2\/pages\/38\/revisions"}],"predecessor-version":[{"id":764,"href":"http:\/\/fr-management.de\/index.php?rest_route=\/wp\/v2\/pages\/38\/revisions\/764"}],"wp:featuredmedia":[{"embeddable":true,"href":"http:\/\/fr-management.de\/index.php?rest_route=\/wp\/v2\/media\/216"}],"wp:attachment":[{"href":"http:\/\/fr-management.de\/index.php?rest_route=%2Fwp%2Fv2%2Fmedia&parent=38"}],"curies":[{"name":"wp","href":"https:\/\/api.w.org\/{rel}","templated":true}]}}